 + h*t - 434, -t + 617 = 3*p. Calculate the highest common factor of 36 and p.
9
Let n = -14 + 36. Let s(h) = n - 34*h + 15*h - 10 + 5*h**2. Let z be s(8). Calculate the highest common divisor of z and 20.
20
Let g = 2493 + -2365. What is the highest common divisor of g and 13952?
128
Suppose 0 = 174*t - 195*t + 1552 - 460. Calculate the highest common factor of t and 351.
13
Let k be 95 - 91 - (0 - -1 - 1). Let p = 1 + 2. Suppose -2*t = p*a - 1163 + 253, 0 = -4*t - k. Calculate the greatest common divisor of a and 38.
38
Suppose 42*s = 47*s - 4380. What is the highest common factor of 84 and s?
12
Let i be 48 + (-69832)/(-290) - ((-8)/(-10) - 2). Suppose 4*q + 62 = 5*m, 0 = -3*q - 6 - 3. Calculate the highest common factor of m and i.
10
Suppose 6*n + 13*n - 1683 = 882. Let o = 2 - 3. Let t be (-3)/((-3)/o)*-27. Calculate the greatest common factor of n and t.
27
Let t be 28/16 + 2/8. Suppose 4*v - 1476 = -t*v. Suppose -3*j + 258 + v = 0. What is the highest common factor of 24 and j?
24
Suppose -5*x - 80 = 30. Let u = -25 - x. Let v = u + 10. Calculate the greatest common factor of v and 21.
7
Suppose 2*u + 4*s - 968 = -0*u, -469 = -u + 3*s. Let i be (-19)/(-228) - u/(-24). Calculate the greatest common factor of 320 and i.
20
Let d be (-514)/(-8) - (-1)/(-4). Let i(x) = 2*x**2 + 15*x - x**2 + 9 + 12 - x. Let k be i(-13). What is the greatest common divisor of k and d?
8
Let v be (-6)/4 + (-45600)/(-64). Suppose -18*w = -225 - v. Calculate the greatest common divisor of 676 and w.
52
Let m = 332 + -192. Let r be 70*(99/(-6))/(-11). Calculate the highest common factor of r and m.
35
Let a(g) = 4*g - 43. Let o be a(13). Suppose -z = 4*l - 22, -5*z - 1 = -l - 27. Calculate the greatest common divisor of o and z.
3
Let j = -13178 - -14635. What is the greatest common divisor of j and 31?
31
Suppose 3*x = 2*p - 18 + 65, 2*x = p + 21. Let d = 35 + p. Let i be 9/(d + 349/(-88)). Calculate the greatest common divisor of i and 24.
24
Let m be (-6)/(-5)*(-30)/(-9). Suppose 2*v = m*v - 24. Suppose -11*z + 287 = 3*l - 12*z, 0 = -3*l - 4*z + 292. Calculate the greatest common divisor of l and v.
12
Let d(v) = 58*v**2 - 1562*v - 27. Let z be d(27). Let n be ((-32)/20)/(2/(-5)). Suppose -r = -n - 5. What is the highest common divisor of r and z?
9
Let s = -1481 + 2831. Calculate the greatest common factor of 54 and s.
54
Let d = -41 - -43. Suppose -2*b = 5*r + d*b - 5, r - 4*b - 25 = 0. Suppose -11 + 1 = -r*s. Calculate the greatest common divisor of 22 and s.
2
Let j = 714 + -510. Suppose i - j = -5*i. Let l = 334 - 62. What is the highest common factor of l and i?
34
Suppose 2*u + 468 = -4*s, 4*u - 2*u = 3*s - 482. Let v = -234 - u. What is the highest common divisor of v and 164?
4
Suppose -4*j + 3862 + 9602 = 40*j. What is the highest common divisor of j and 3468?
102
Suppose 0 = -3*x - 3, 0 = -2*w - w + 2*x - 1. Let k = 15 - w. Calculate the greatest common factor of 20 and k.
4
Suppose 0 = -57*b + 46*b + 1155. Calculate the highest common divisor of 2265 and b.
15
Suppose 0 = 4*r + 28, 1099 - 428 = x - 3*r. Calculate the greatest common factor of x and 208.
26
Let q be 1 + 7806 + 7/(-28)*-8. What is the greatest common factor of q and 114?
57
Let k = 38 - 37. Let s be 21 + -1 + -1 + 4 - k. Suppose -2*p + 990 = 3*p. Calculate the greatest common divisor of p and s.
22
Suppose -3*m + 45 = -51. Let v be 1 - (0 - 3*21). Suppose -480 = -5*i + 4*x - v, 0 = 5*i + 5*x - 380. Calculate the greatest common divisor of m and i.
16
Let p = 156 - 148. Suppose -4 = -f - 5*a + p, 0 = -f - 3*a + 10. What is the greatest common factor of 21 and f?
7
Let j(n) = 2*n**2 - 2*n - 72. Let g be j(7). Let z be (1932/9 - 6) + (-8)/g. Calculate the greatest common divisor of 26 and z.
26
Suppose 31*p - 4*p + 13*p - 39600 = 0. Calculate the highest common divisor of p and 45.
45
Suppose 0 = 4*h + p - 41 - 141, h + p - 47 = 0. Let x = 217 + -181. Calculate the highest common divisor of h and x.
9
Suppose 0 = 141*t - 24860 - 503890. Calculate the greatest common factor of 10 and t.
10
Suppose 2*k = 2*v - 5*v + 5309, 1774 = v + 5*k. Calculate the greatest common divisor of 29 and v.
29
Let t = -140 + 144. Let r be (-2)/(-21) - 7720/(-84). What is the highest common factor of t and r?
4
Let q be (-78)/(-26)*110/3. Suppose 0*c - 2 = -c. Let x be 90/2 - (c - 1). Calculate the highest common divisor of x and q.
22
Suppose -2*x + 4 + 4 = 0. Let p = 35 + -35. Suppose d - 58 = -p*d - x*n, 0 = 2*n + 4. Calculate the highest common factor of 22 and d.
22
Let m = 815 - -1465. Suppose -g - 3869 = -2*l - 1577, -2*l = 2*g - m. What is the greatest common factor of l and 104?
104
Let y(z) = 176*z - 1232. Let w(v) = 25*v - 176. Let r(h) = -22*w(h) + 3*y(h). Let g be r(7). Calculate the highest common divisor of 506 and g.
22
Suppose u - 4*t + 1 = 14, 5*u - 11 = 2*t. Suppose 7*h - 78 = -u. What is the highest common factor of 88 and h?
11
Let r be 26/((286/451)/13). What is the highest common divisor of r and 164?
41
Let z(i) = i - 3. Let q = 41 - 37. Let t be z(q). Suppose 3*o - 2*p + 3 = -0*p, 3 = p. Calculate the highest common factor of o and t.
1
Suppose -5*a - 45 = 5*z, -5*a - 5*z - 45 = -8*z. Let q be a*(-3 + 8)/(-15). Calculate the highest common divisor of q and 123.
3
Let o be -7*(-48)/70*15. Calculate the greatest common factor of o and 21264.
24
Suppose -2*s + 63 = m, -3*m - s = -140 - 34. What is the highest common factor of 6840 and m?
57
Suppose -5*l + y = -y - 41, 2*y = 2*l - 20. Suppose 1328 = l*s - 2984. What is the highest common divisor of s and 176?
88
Suppose -3*s - 5*u + 28 = 0, -4*s + 42 = -3*u - 5. Suppose 5*d + 745 = 5*b, 70*d + 721 = 5*b + 69*d. What is the greatest common factor of s and b?
11
Suppose -38*x - 326 = -808 - 924. Let a = 659 + 155. Calculate the highest common divisor of a and x.
37
Let u be 4/1*1 + 6 - -1. Suppose u*x = 10*x + 55. Calculate the greatest common divisor of x and 10.
5
Let m = -2126 - -2148. What is the highest common factor of 781 and m?
11
Suppose 1755 = 174*k - 28869. Let y = 213 + -133. What is the greatest common factor of y and k?
16
Let p = -14 + 58. Let t be (5/((-15)/(-18)))/(3 + -1). Let i be (-183)/(-9) + 2 - t/9. What is the highest common factor of p and i?
22
Let m = -119 + 115. Let w be m/(-3) + 275/75. What is the highest common divisor of 135 and w?
5
Suppose -35 = 6*x - x. Let q(n) = -n**3 - 7*n**2 - 12*n - 22. Let z be q(x). Let g = z + -44. Calculate the highest common divisor of g and 2.
2
Suppose -315 = 29*m - 36*m. Suppose 0 = c - 4*d - m, 3*c - 129 = -c - d. Calculate the greatest common divisor of c and 6.
3
Let k = 296 - 284. Suppose 0 = 5*u + 20, 2*n - 11*u + 15*u = k. Calculate the highest common factor of n and 10.
2
Let y be 104 - (3*(-12)/45 + (-38)/190). What is the greatest common factor of y and 1065?
15
Suppose -7*c + 2*t = -1234, -5*t = 5*c + 403 - 1278. Calculate the highest common factor of c and 1712.
16
Let p = 11655 - 11635. What is the highest common divisor of p and 250?
10
Let a = 369 + 29. What is the greatest common divisor of a and 3383?
199
Let k = -222 - -215. Let w(c) = c**3 + 8*c**2 + 4*c - 6. Let v be w(k). Calculate the greatest common divisor of 40 and v.
5
Suppose 6*t - 66 = -l, -4*l - 4*t + 3*t + 149 = 0. What is the highest common divisor of l and 1788?
12
Let x = -37 + 56. Let n(z) be the second derivative of 157*z**4/12 + 2*z**3/3 - z**2/2 + 26*z. Let q be n(-1). What is the greatest common factor of q and x?
19
Let i be -1 - -79 - (1 + -3). Suppose 0 = 6*y - 9*y - 9, 0 = 4*w + 3*y - 151. Calculate the highest common divisor of w and i.
40
Let z be ((-15)/3)/60 - (-2)/(336/2154614). What is the highest common divisor of 342 and z?
171
Let n be (-1)/8 - ((-9633)/8)/57. Calculate the greatest common divisor of n and 483.
21
Let n be (20/7)/((-4)/(-70)). Let u be -20*(-4 + 3)/5. Let k(p) = 4*p**2 - 4*p + 2. Let i be k(u). Calculate the highest common factor of n and i.
50
Let m(j) = 28*j - 172. Let v be m(6). Let h be 1 + (-4 + v - -13). Calculate the greatest common factor of h and 138.
6
Suppose -746 = -14*i + 6058 - 1260. Calculate the highest common divisor of i and 836.
44
Suppose 2*c + 3*p = 9297, -47*p + 42*p = -c + 4616. Let w = c + -3191. Calculate the greatest common fact